 17612 is divided by 355?
217
Calculate the remainder when 127230 is divided by 448.
446
What is the remainder when 1659 is divided by 68?
27
Calculate the remainder when 2345 is divided by 27.
23
What is the remainder when 47168 is divided by 1430?
1408
What is the remainder when 75360 is divided by 227?
223
Calculate the remainder when 933 is divided by 310.
3
What is the remainder when 671801 is divided by 18?
5
Calculate the remainder when 22478 is divided by 11225.
28
Calculate the remainder when 17247 is divided by 8577.
93
What is the remainder when 21882 is divided by 684?
678
Calculate the remainder when 4555 is divided by 455.
5
What is the remainder when 33654 is divided by 265?
264
What is the remainder when 8968 is divided by 2976?
40
What is the remainder when 13079 is divided by 397?
375
What is the remainder when 144461 is divided by 21?
2
What is the remainder when 24359 is divided by 779?
210
What is the remainder when 7196 is divided by 36?
32
What is the remainder when 85548 is divided by 176?
12
What is the remainder when 11904 is divided by 5867?
170
Calculate the remainder when 111327 is divided by 7.
6
Calculate the remainder when 204735 is divided by 10775.
10
What is the remainder when 2310 is divided by 2301?
9
What is the remainder when 83872 is divided by 3351?
97
What is the remainder when 758 is divided by 40?
38
Calculate the remainder when 11141 is divided by 662.
549
What is the remainder when 1342 is divided by 26?
16
What is the remainder when 266145 is divided by 26613?
15
What is the remainder when 49109 is divided by 1069?
1004
What is the remainder when 73733 is divided by 24577?
2
What is the remainder when 5141 is divided by 998?
151
What is the remainder when 10964 is divided by 2189?
19
Calculate the remainder when 4523 is divided by 400.
123
What is the remainder when 83644 is divided by 350?
344
What is the remainder when 3937597 is divided by 214?
211
What is the remainder when 6016 is divided by 1986?
58
What is the remainder when 532130 is divided by 177358?
56
Calculate the remainder when 162146 is divided by 285.
266
What is the remainder when 1728 is divided by 36?
0
Calculate the remainder when 6431783 is divided by 74.
73
Calculate the remainder when 23983 is divided by 30.
13
Calculate the remainder when 80842 is divided by 19.
16
What is the remainder when 61564 is divided by 20516?
16
What is the remainder when 15864 is divided by 114?
18
Calculate the remainder when 13613 is divided by 11.
6
Calculate the remainder when 1497 is divided by 673.
151
What is the remainder when 27864 is divided by 337?
230
Calculate the remainder when 1089 is divided by 9.
0
What is the remainder when 9316 is divided by 9040?
276
What is the remainder when 281993 is divided by 140956?
81
What is the remainder when 16656 is divided by 425?
81
Calculate the remainder when 167066 is divided by 233.
5
Calculate the remainder when 10885 is divided by 639.
22
Calculate the remainder when 132613 is divided by 61.
60
Calculate the remainder when 811919 is divided by 34.
33
Calculate the remainder when 3387 is divided by 6.
3
What is the remainder when 2935 is divided by 107?
46
What is the remainder when 981237 is divided by 37?
34
Calculate the remainder when 1372 is divided by 1126.
246
What is the remainder when 205826 is divided by 29401?
19
Calculate the remainder when 34042 is divided by 448.
442
What is the remainder when 17573 is divided by 419?
394
Calculate the remainder when 1570 is divided by 194.
18
Calculate the remainder when 417190 is divided by 12.
10
Calculate the remainder when 1444 is divided by 58.
52
What is the remainder when 7639 is divided by 9?
7
What is the remainder when 275 is divided by 60?
35
What is the remainder when 277469 is divided by 56?
45
What is the remainder when 7888 is divided by 1576?
8
What is the remainder when 97869 is divided by 393?
12
Calculate the remainder when 20154 is divided by 341.
35
Calculate the remainder when 2251 is divided by 198.
73
What is the remainder when 130407 is divided by 264?
255
Calculate the remainder when 7788 is divided by 796.
624
What is the remainder when 446717 is divided by 91?
89
Calculate the remainder when 8012 is divided by 116.
8
Calculate the remainder when 278615 is divided by 168.
71
Calculate the remainder when 165922 is divided by 11061.
7
Calculate the remainder when 907738 is divided by 49.
13
Calculate the remainder when 25670 is divided by 2329.
51
What is the remainder when 144132 is divided by 172?
168
What is the remainder when 21321 is divided by 597?
426
What is the remainder when 4263 is divided by 743?
548
What is the remainder when 161635 is divided by 43?
41
Calculate the remainder when 368273 is divided by 92.
89
Calculate the remainder when 227451 is divided by 202.
201
Calculate the remainder when 273545 is divided by 50.
45
What is the remainder when 246101 is divided by 35153?
30
Calculate the remainder when 365949 is divided by 145.
114
What is the remainder when 5303 is divided by 882?
11
What is the remainder when 1705 is divided by 46?
3
What is the remainder when 1255983 is divided by 6?
3
Calculate the remainder when 14347 is divided by 2388.
19
Calculate the remainder when 77083 is divided by 6422.
19
What is the remainder when 5897 is divided by 18?
11
Calculate the remainder when 581013 is divided by 258.
255
What is the remainder when 28674 is divided by 71?
61
What is the remainder when 64952 is divided by 1909?
46
Calculate the remainder when 40879 is divided by 15.
4
What is the remainder when 5768231 is divided by 31?
30
Calculate the remainder when 42545 is divided by 61.
28
Calculate the remainder when 13410 is divided by 491.
153
What is the remainder when 11313 is divided by 11313?
0
What is the remainder when 3057 is divided by 279?
267
What is the remainder when 1317 is divided by 441?
435
Calculate the remainder when 4377 is divided by 1433.
78
What is the remainder when 49319 is divided by 14?
11
What is the remainder when 21300 is divided by 6915?
555
Calculate the remainder when 937 is divided by 867.
70
What is the remainder when 297559 is divided by 43?
42
What is the remainder when 9205 is divided by 30?
25
What is the remainder when 126034 is divided by 6?
4
Calculate the remainder when 2244 is divided by 1119.
6
What is the remainder when 311514 is divided by 8652?
42
Calculate the remainder when 12828 is divided by 131.
121
Calculate the remainder when 84437 is divided by 52.
41
What is the remainder when 41054 is divided by 351?
338
Calculate the remainder when 310835 is divided by 44397.
56
Calculate the remainder when 100276 is divided by 91.
85
Calculate the remainder when 3311 is divided by 17.
13
Calculate the remainder when 2119 is divided by 259.
47
Calculate the remainder when 19909 is divided by 6603.
100
Calculate the remainder when 109845 is divided by 9148.
69
Calculate the remainder when 37594 is divided by 41.
38
Calculate the remainder when 3990 is divided by 222.
216
Calculate the remainder when 3422 is divided by 911.
689
Calculate the remainder when 84385 is divided by 219.
70
Calculate the remainder when 999 is divided by 65.
24
What is the remainder when 3611 is divided by 1183?
62
Calculate the remainder when 3479 is divided by 1727.
25
Calculate the remainder when 31199 is divided by 31178.
21
Calculate the remainder when 5733 is divided by 454.
285
Calculate the remainder when 261830 is divided by 107.
1
Calculate the remainder when 186479 is divided by 93203.
73
What is the remainder when 2292725 is divided by 46?
39
Calculate the remainder when 37900 is divided by 56.
44
Calculate the remainder when 138 is divided by 115.
23
Calculate the remainder when 11132 is divided by 5563.
6
Calculate the remainder when 3089 is divided by 1023.
20
Calculate the remainder when 6510 is divided by 12.
6
What is the remainder when 9621 is divided by 1923?
6
Calculate the remainder when 137161 is divided by 26.
11
What is the remainder when 231425 is divided by 420?
5
Calculate the remainder when 8402 is divided by 2746.
164
What is the remainder when 95295 is divided by 1466?
5
What is the remainder when 1417361 is divided by 128850?
11
What is the remainder when